5 is divided by 83.
76
Calculate the remainder when 737 is divided by 57.
53
What is the remainder when 113 is divided by 5?
3
What is the remainder when 332 is divided by 85?
77
What is the remainder when 13075 is divided by 26?
23
Calculate the remainder when 119 is divided by 53.
13
What is the remainder when 1292 is divided by 81?
77
Calculate the remainder when 232 is divided by 30.
22
Calculate the remainder when 1148 is divided by 145.
133
Calculate the remainder when 3087 is divided by 512.
15
Calculate the remainder when 1654 is divided by 46.
44
What is the remainder when 996 is divided by 88?
28
What is the remainder when 206 is divided by 43?
34
Calculate the remainder when 698 is divided by 689.
9
Calculate the remainder when 26516 is divided by 34.
30
Calculate the remainder when 184 is divided by 49.
37
What is the remainder when 124 is divided by 116?
8
What is the remainder when 71 is divided by 35?
1
Calculate the remainder when 445 is divided by 116.
97
Calculate the remainder when 266 is divided by 84.
14
What is the remainder when 66 is divided by 10?
6
Calculate the remainder when 779 is divided by 9.
5
What is the remainder when 29 is divided by 8?
5
Calculate the remainder when 3940 is divided by 47.
39
What is the remainder when 1196 is divided by 133?
132
What is the remainder when 24 is divided by 22?
2
Calculate the remainder when 945 is divided by 234.
9
Calculate the remainder when 84 is divided by 7.
0
What is the remainder when 4149 is divided by 2074?
1
Calculate the remainder when 718 is divided by 90.
88
What is the remainder when 7516 is divided by 73?
70
Calculate the remainder when 3666 is divided by 34.
28
What is the remainder when 147 is divided by 78?
69
What is the remainder when 859 is divided by 109?
96
What is the remainder when 3256 is divided by 18?
16
Calculate the remainder when 4221 is divided by 264.
261
What is the remainder when 813 is divided by 4?
1
Calculate the remainder when 262 is divided by 66.
64
Calculate the remainder when 53 is divided by 12.
5
What is the remainder when 5393 is divided by 93?
92
What is the remainder when 36 is divided by 26?
10
Calculate the remainder when 22379 is divided by 10.
9
What is the remainder when 574 is divided by 24?
22
What is the remainder when 1415 is divided by 282?
5
What is the remainder when 112 is divided by 35?
7
Calculate the remainder when 329 is divided by 155.
19
What is the remainder when 52 is divided by 14?
10
What is the remainder when 416 is divided by 99?
20
Calculate the remainder when 144 is divided by 75.
69
What is the remainder when 279 is divided by 40?
39
Calculate the remainder when 166 is divided by 48.
22
Calculate the remainder when 813 is divided by 118.
105
What is the remainder when 88 is divided by 23?
19
Calculate the remainder when 477 is divided by 16.
13
What is the remainder when 1186 is divided by 285?
46
What is the remainder when 349 is divided by 35?
34
Calculate the remainder when 70 is divided by 9.
7
What is the remainder when 110 is divided by 58?
52
What is the remainder when 1356 is divided by 35?
26
What is the remainder when 1068 is divided by 522?
24
Calculate the remainder when 526 is divided by 66.
64
Calculate the remainder when 100 is divided by 30.
10
What is the remainder when 1012 is divided by 107?
49
Calculate the remainder when 131 is divided by 29.
15
What is the remainder when 46 is divided by 5?
1
Calculate the remainder when 70 is divided by 22.
4
What is the remainder when 38 is divided by 8?
6
What is the remainder when 37 is divided by 33?
4
Calculate the remainder when 2691 is divided by 134.
11
Calculate the remainder when 65 is divided by 17.
14
Calculate the remainder when 167 is divided by 34.
31
Calculate the remainder when 128 is divided by 61.
6
What is the remainder when 118 is divided by 15?
13
What is the remainder when 1449 is divided by 22?
19
Calculate the remainder when 902 is divided by 235.
197
What is the remainder when 583 is divided by 574?
9
What is the remainder when 3164 is divided by 4?
0
Calculate the remainder when 3002 is divided by 18.
14
Calculate the remainder when 252 is divided by 176.
76
What is the remainder when 196 is divided by 20?
16
What is the remainder when 4353 is divided by 66?
63
Calculate the remainder when 784 is divided by 40.
24
What is the remainder when 316 is divided by 51?
10
What is the remainder when 8164 is divided by 190?
184
Calculate the remainder when 3769 is divided by 65.
64
Calculate the remainder when 2422 is divided by 1205.
12
What is the remainder when 372 is divided by 121?
9
Calculate the remainder when 1129 is divided by 87.
85
What is the remainder when 64 is divided by 3?
1
What is the remainder when 192 is divided by 5?
2
Calculate the remainder when 1847 is divided by 168.
167
What is the remainder when 201 is divided by 6?
3
Calculate the remainder when 263 is divided by 7.
4
Calculate the remainder when 10 is divided by 9.
1
Calculate the remainder when 524 is divided by 46.
18
Calculate the remainder when 2465 is divided by 137.
136
Calculate the remainder when 103 is divided by 81.
22
Calculate the remainder when 30 is divided by 17.
13
Calculate the remainder when 180 is divided by 61.
58
Calculate the remainder when 36 is divided by 32.
4
Calculate the remainder when 789 is divided by 65.
9
What is the remainder when 496 is divided by 226?
44
Calculate the remainder when 1038 is divided by 40.
38
What is the remainder when 169 is divided by 33?
4
What is the remainder when 951 is divided by 37?
26
Calculate the remainder when 2413 is divided by 34.
33
What is the remainder when 416 is divided by 113?
77
Calculate the remainder when 1625 is divided by 37.
34
Calculate the remainder when 60 is divided by 2.
0
What is the remainder when 978 is divided by 98?
96
Calculate the remainder when 16 is divided by 13.
3
Calculate the remainder when 150 is divided by 22.
18
Calculate the remainder when 1089 is divided by 360.
9
What is the remainder when 587 is divided by 12?
11
What is the remainder when 41 is divided by 27?
14
Calculate the remainder when 278 is divided by 11.
3
Calculate the remainder when 53 is divided by 11.
9
What is the remainder when 29 is divided by 16?
13
What is the remainder when 333 is divided by 56?
53
Calculate the remainder when 68 is divided by 55.
13
Calculate the remainder when 295 is divided by 195.
100
Calculate the remainder when 438 is divided by 205.
28
Calculate the remainder when 274 is divided by 91.
1
Calculate the remainder when 69 is divided by 52.
17
What is the remainder when 2568 is divided by 434?
398
What is the remainder when 108 is divided by 36?
0
What is the remainder when 130 is divided by 24?
10
What is the remainder when 112 is divided by 42?
28
Calculate the remainder when 6066 is divided by 32.
18
What is the remainder when 578 is divided by 135?
38
What is the remainder when 224 is divided by 220?
4
Calculate the remainder when 1272 is divided by 14.
12
Calculate the remainder when 58 is divided by 33.
25
What is the remainder when 697 is divided by 15?
7
Calculate the remainder when 122 is divided by 18.
14
What is the remainder when 3224 is divided by 642?
14
What is the remainder when 1854 is divided by 476?
426
Calculate the remainder when 176 is divided by 62.
52
Calculate the remainder when 8 is divided by 1.
0
What is the remainder when 137 is divided by 14?
11
What is the remainder when 1917 is divided by 24?
21
What is the remainder when 543 is divided by 34?
33
What is the remainder when 260 is divided by 24?
20
Calculate the remainder when 188 is divided by 75.
38
Calculate the remainder when 3470 is divided by 692.
10
What is the remainder when 514 is divided by 7?
3
What is the remainder when 1196 is divided by 21?
20
Calculate the remainder when 67 is divided by 12.
7
Calculate the remainder when 187 is divided by 21.
19
What is the remainder when 1453 is divided by 144?
13
What is the remainder when 101 is divided by 36?
29
What is the remainder when 223 is divided by 60?
43
Calculate the remainder when 2205 is divided by 26.
21
Calculate the remainder when 278 is divided by 40.
38
What is the remainder when 216 is divided by 56?
48
W